{"id":382,"date":"2023-01-24T11:26:30","date_gmt":"2023-01-24T10:26:30","guid":{"rendered":"https:\/\/museumsguide.net\/?post_type=museum&#038;p=382"},"modified":"2025-04-14T15:44:34","modified_gmt":"2025-04-14T13:44:34","slug":"vorarlberg-museum","status":"publish","type":"museum","link":"https:\/\/museumsguide.net\/en\/museum\/vorarlberg-museum\/","title":{"rendered":"Vorarlberg Museum"},"template":"","accessibility":[42,14,22,16,15,17,44,45,43,41,46,21,20],"region":[9],"class_list":["post-382","museum","type-museum","status-publish","hentry","accessibility-audioguides-multimedia-guides-hoerstationen","accessibility-barrierefreie-wcs","accessibility-barrierefreie-webseite","accessibility-barrierefreier-eingang","accessibility-begleithunde-erlaubt","accessibility-ermaessigter-eintritt","accessibility-fuer-menschen-mit-demenzerkrankung","accessibility-fuer-menschen-mit-hoerbehinderung","accessibility-fuer-menschen-mit-sehbehinderung","accessibility-leichte-oder-einfache-sprache","accessibility-kulturpass","accessibility-spezialfuehrungen-angebote","accessibility-verleih-von-rollator-rollstuhl","region-vorarlberg"],"awards":[{"term_id":25,"name":"Hunger for art and culture","slug":"hunger-auf-kunst-und-kultur","description":"","taxonomy":"awards","parent":0,"term_taxonomy_id":25,"term_group":0,"count":0,"object_id":null,"term_order":null,"id":25},{"term_id":23,"name":"Austrian Museum Quality Seal","slug":"oesterreichisches-museumsguetesiegel","description":"","taxonomy":"awards","parent":0,"term_taxonomy_id":23,"term_group":0,"count":0,"object_id":null,"term_order":null,"id":23}],"accessibility_1":"<b>Eingang:<\/b> stufenloser Zugang, taktile Bodenmarkierungen vom Kornmarktplatz \u00fcber den Eingang in die Eingangshalle bis zur Kassa und zum Lift\r\n\r\n<b>Im Geb\u00e4ude:<\/b> alle Bereiche barrierefrei zug\u00e4nglich durch Rampen, ausreichende T\u00fcrbreiten und zwei Lifte, barrierefreies WC, Garderobe, Shop","email":"h.vogel@vorarlbergmuseum.at","startdate_museum_of_the_week":"0000-00-00 00:00:00","place":"Bregenz","description":"How can the state of Vorarlberg be captured in a museum? The exhibitions tell stories: about the Romans, the land and people of the Bregenzerwald, and the fascination of brass music. Furthermore, the museum, spread over three floors, impresses with its extraordinary, award-winning architecture.","enddate_museum_of_the_week":"0000-00-00 00:00:00","accessibility_3":"<b>Zielgruppenspezifische F\u00fchrungen:<\/b> auf Anfrage m\u00f6glich\r\n\r\n<b>Zielgruppenspezifische Workshops:<\/b> Workshop \u201eEinblicke\u201c f\u00fcr Menschen mit Demenz und deren Begleitpersonen\r\n\r\n<b>Sensorische Vermittlungshilfen:<\/b> in der Dauerausstellung \u201ebuchst\u00e4blich vorarlberg\u201c","person":"","zip":"6900","price_discounted":[],"street":"Kornmarktplatz 1","phone":"","accessibility_2":"<b>In Leichter\/Einfacher Sprache:<\/b> Begleitheft zur Dauerausstellung \u201ebuchst\u00e4blich vorarlberg\u201c, fallweise auch Ausstellungstexte\r\n\r\n<b>Zum H\u00f6ren:<\/b> H\u00f6rstationen in der Daueraustellung \u201ebuchst\u00e4blich vorarlberg\u201c\r\n\r\n<b>In Geb\u00e4rdensprache:<\/b> in Sonderausstellungen\r\n\r\n<b>In Braille und zum Ertasten:<\/b> Ausstellungsstationen zum Ertasten in der Dauerausstellung \u201ebuchst\u00e4blich vorarlberg\u201c; tastbare Beschriftungen und Braillebeschriftungen im Lift\r\n\r\n<b>Sonstiges:<\/b> Seit 2023 gibt es vier inklusive Ausstellungsstationen in der Ausstellung \u201ebuchst\u00e4blich vorarlberg\u201c, die sowohl Sehbeeintr\u00e4chtigten, H\u00f6rbeeintr\u00e4chtigten, Rollstuhlfahrer: innen und gleichzeitig allen BesucherInnen einen neuen Zugang zur Ausstellung bieten.","price_regular":[],"website":"vorarlbergmuseum.at\/museum\/nachhaltigkeit-und-barrierefreiheit","price_more_informations":["\u20ac 8 f\u00fcr Menschen mit Behindertenausweis","frei f\u00fcr Assistenzperson"],"gallery":[{"ID":"383","post_author":"3","post_date":"2023-01-24 11:24:13","post_date_gmt":"2023-01-24 10:24:13","post_content":"Foto des Vorarlberg Museums von der gegen\u00fcberliegenden Stra\u00dfenseiten bei Abendd\u00e4mmerung.","post_title":"Vorarlberg Museum \u00a9 G. K\u00f6nig","post_excerpt":"Vorarlberg Museum \u00a9 G. K\u00f6nig","post_status":"inherit","comment_status":"closed","ping_status":"closed","post_password":"","post_name":"bregenz-vm-gkoenig-9178-h800","to_ping":"","pinged":"","post_modified":"2023-01-24 11:26:30","post_modified_gmt":"2023-01-24 10:26:30","post_content_filtered":"","post_parent":"382","guid":"https:\/\/museumsguide.net\/wp-content\/uploads\/2023\/01\/bregenz-vm-gkoenig-9178-h800.jpg","menu_order":"0","post_type":"attachment","post_mime_type":"image\/jpeg","comment_count":"0","pod_item_id":"383"}],"tours":["Preise f\u00fcr inklusive F\u00fchrungen und Workshops: \u20ac 3 pro Person Gruppengr\u00f6\u00dfe mit maximal 10 Personen inkl. Begleitpersonen, Dauer 2 Stunden"],"opening_hours":["Di-So 10:00-18:00","Do bis 20:00","Juli\/August t\u00e4glich ge\u00f6ffnet"],"short_description":"","hearonymus_link":"https:\/\/direct.hearonymus.com\/guide\/1475?chapter=1","_links":{"self":[{"href":"https:\/\/museumsguide.net\/en\/wp-json\/wp\/v2\/museum\/382","targetHints":{"allow":["GET"]}}],"collection":[{"href":"https:\/\/museumsguide.net\/en\/wp-json\/wp\/v2\/museum"}],"about":[{"href":"https:\/\/museumsguide.net\/en\/wp-json\/wp\/v2\/types\/museum"}],"wp:attachment":[{"href":"https:\/\/museumsguide.net\/en\/wp-json\/wp\/v2\/media?parent=382"}],"wp:term":[{"taxonomy":"accessibility","embeddable":true,"href":"https:\/\/museumsguide.net\/en\/wp-json\/wp\/v2\/accessibility?post=382"},{"taxonomy":"region","embeddable":true,"href":"https:\/\/museumsguide.net\/en\/wp-json\/wp\/v2\/region?post=382"}],"curies":[{"name":"wp","href":"https:\/\/api.w.org\/{rel}","templated":true}]}}

<b>Eingang:</b> stufenloser Zugang, taktile Bodenmarkierungen vom Kornmarktplatz über den Eingang in die Eingangshalle bis zur Kassa und zum Lift

<b>Im Gebäude:</b> alle Bereiche barrierefrei zugänglich durch Rampen, ausreichende Türbreiten und zwei Lifte, barrierefreies WC, Garderobe, Shop

<b>Zielgruppenspezifische Führungen:</b> auf Anfrage möglich

<b>Zielgruppenspezifische Workshops:</b> Workshop „Einblicke“ für Menschen mit Demenz und deren Begleitpersonen

<b>Sensorische Vermittlungshilfen:</b> in der Dauerausstellung „buchstäblich vorarlberg“

<b>In Leichter/Einfacher Sprache:</b> Begleitheft zur Dauerausstellung „buchstäblich vorarlberg“, fallweise auch Ausstellungstexte

<b>Zum Hören:</b> Hörstationen in der Daueraustellung „buchstäblich vorarlberg“

<b>In Gebärdensprache:</b> in Sonderausstellungen

<b>In Braille und zum Ertasten:</b> Ausstellungsstationen zum Ertasten in der Dauerausstellung „buchstäblich vorarlberg“; tastbare Beschriftungen und Braillebeschriftungen im Lift

<b>Sonstiges:</b> Seit 2023 gibt es vier inklusive Ausstellungsstationen in der Ausstellung „buchstäblich vorarlberg“, die sowohl Sehbeeinträchtigten, Hörbeeinträchtigten, Rollstuhlfahrer: innen und gleichzeitig allen BesucherInnen einen neuen Zugang zur Ausstellung bieten.

€ 8 für Menschen mit Behindertenausweis

frei für Assistenzperson

Foto des Vorarlberg Museums von der gegenüberliegenden Straßenseiten bei Abenddämmerung.

Vorarlberg Museum © G. König

Preise für inklusive Führungen und Workshops: € 3 pro Person Gruppengröße mit maximal 10 Personen inkl. Begleitpersonen, Dauer 2 Stunden

Juli/August täglich geöffnet
